{"id":33,"date":"2022-08-16T17:12:51","date_gmt":"2022-08-16T17:12:51","guid":{"rendered":"https:\/\/idelsane.educatice.net\/?page_id=33"},"modified":"2024-04-24T12:10:00","modified_gmt":"2024-04-24T12:10:00","slug":"%d9%86%d8%a8%d8%b0%d8%a9-%d8%aa%d8%a7%d8%b1%d9%8a%d8%ae%d9%8a%d8%a9","status":"publish","type":"page","link":"https:\/\/idelsane.educatice.net\/?page_id=33","title":{"rendered":"Bref Historique"},"content":{"rendered":"\n<p class=\"has-black-color has-text-color has-link-color wp-elements-c408df87c7d9c8e522f9206f64904d75\" style=\"font-size:23px\">Le secteur scolaire Idelssane est un \u00e9tablissement d&rsquo;enseignement primaire publique.<\/p>\n\n\n\n<p class=\"has-black-color has-text-color has-link-color wp-elements-54ce8b4e33d8be57b6e142f77c2a9153\" style=\"font-size:23px\">La cr\u00e9ation de l&rsquo;\u00e9tablissement a eu lieu le 1er Janvier 1971. il se trouve dans la zone territoriale de la direction provinciale de Ouarzazate.<\/p>\n\n\n\n<p class=\"has-black-color has-text-color has-link-color wp-elements-14cd3b1349a98d4e5807978597fa8fd5\" style=\"font-size:23px\">L&rsquo;\u00e9tablissement se situe sur la route nationale num\u00e9ro 10 qui relie Ouarzazate aux r\u00e9gions de l&rsquo;est du Maroc.<\/p>\n\n\n\n<p class=\"has-black-color has-text-color has-link-color wp-elements-4b5db4598f437cd04f5e3d2c8d3701eb\" style=\"font-size:23px\">Le nom d&rsquo;\u00e9tablissement fait r\u00e9f\u00e9rence au village ou il se situe et le mots \u00ab\u00a0<strong>IDELSSAN<\/strong>E\u00a0\u00bb vient du mot amazigh \u00ab\u00a0<strong>IDLS<\/strong>\u00a0\u00bb qui une sorte d&rsquo;hrbe sauvage.<\/p>\n\n\n\n<p><\/p>\n","protected":false},"excerpt":{"rendered":"<p>Le secteur scolaire Idelssane est un \u00e9tablissement d&rsquo;enseignement primaire publique. La cr\u00e9ation de l&rsquo;\u00e9tablissement a eu lieu le 1er Janvier 1971. il se trouve dans la zone territoriale de la direction provinciale de Ouarzazate. L&rsquo;\u00e9tablissement se situe sur la route nationale num\u00e9ro 10 qui relie Ouarzazate aux r\u00e9gions de l&rsquo;est du Maroc. Le nom d&rsquo;\u00e9tablissement &hellip;<\/p>\n","protected":false},"author":1,"featured_media":0,"parent":0,"menu_order":0,"comment_status":"closed","ping_status":"closed","template":"","meta":{"footnotes":""},"class_list":["post-33","page","type-page","status-publish",""],"_links":{"self":[{"href":"https:\/\/idelsane.educatice.net\/index.php?rest_route=\/wp\/v2\/pages\/33","targetHints":{"allow":["GET"]}}],"collection":[{"href":"https:\/\/idelsane.educatice.net\/index.php?rest_route=\/wp\/v2\/pages"}],"about":[{"href":"https:\/\/idelsane.educatice.net\/index.php?rest_route=\/wp\/v2\/types\/page"}],"author":[{"embeddable":true,"href":"https:\/\/idelsane.educatice.net\/index.php?rest_route=\/wp\/v2\/users\/1"}],"replies":[{"embeddable":true,"href":"https:\/\/idelsane.educatice.net\/index.php?rest_route=%2Fwp%2Fv2%2Fcomments&post=33"}],"version-history":[{"count":6,"href":"https:\/\/idelsane.educatice.net\/index.php?rest_route=\/wp\/v2\/pages\/33\/revisions"}],"predecessor-version":[{"id":720,"href":"https:\/\/idelsane.educatice.net\/index.php?rest_route=\/wp\/v2\/pages\/33\/revisions\/720"}],"wp:attachment":[{"href":"https:\/\/idelsane.educatice.net\/index.php?rest_route=%2Fwp%2Fv2%2Fmedia&parent=33"}],"curies":[{"name":"wp","href":"https:\/\/api.w.org\/{rel}","templated":true}]}}